?
4660
In base 12, what is -2078 + b?
-2069
In base 6, what is -4 + 21230?
21222
In base 13, what is -3b + 28c?
251
In base 2, what is -110101010110110010 - 1011?
-110101010110111101
In base 3, what is 0 + 1022200?
1022200
In base 11, what is -1 + -29172?
-29173
In base 8, what is 4 + -21725?
-21721
In base 14, what is 126 - -117?
23d
In base 4, what is -2032 + -32023?
-100121
In base 5, what is 2003 + 324?
2332
In base 7, what is 10504325 + 2?
10504330
In base 15, what is -9 - 190?
-199
In base 8, what is -721 - -126?
-573
In base 14, what is -23 + -18c9?
-190c
In base 15, what is -1aed7 + e?
-1aec8
In base 10, what is 55589 - -9?
55598
In base 2, what is -10101101010 - -10010010?
-10011011000
In base 13, what is -230738 - -3?
-230735
In base 5, what is 224 + -13130?
-12401
In base 15, what is -15 + 16a5?
1690
In base 12, what is -1 - 228a?
-228b
In base 9, what is 7 + 175110?
175117
In base 9, what is 53 + -4272?
-4218
In base 15, what is -3 - 96bce?
-96bd2
In base 14, what is 4451 - -71?
44c2
In base 8, what is -111522 - -5?
-111515
In base 7, what is 21416 + -10?
21406
In base 10, what is 6 + 5953?
5959
In base 15, what is da2 - 18?
d89
In base 7, what is -3 + 63033?
63030
In base 5, what is 123434 - 1111?
122323
In base 16, what is 39ed - 4?
39e9
In base 4, what is -2133 + -101320?
-110113
In base 16, what is c576 + -42?
c534
In base 2, what is -1010101011110010011100 + -100?
-1010101011110010100000
In base 8, what is 0 - 25504?
-25504
In base 2, what is -101100 - -10011001000010?
10011000010110
In base 9, what is 303 + 444?
747
In base 8, what is -3670 - 1151?
-5041
In base 11, what is 6412 - 93?
632a
In base 16, what is -a8 - -1728?
1680
In base 9, what is -52503 - -2?
-52501
In base 11, what is 9 - -5991?
599a
In base 8, what is 0 - 1213?
-1213
In base 11, what is -4a1 - 24a?
-740
In base 14, what is 4 + 2459?
245d
In base 13, what is 1 - a435?
-a434
In base 6, what is 241003 - 2?
241001
In base 4, what is 1312 + -21?
1231
In base 4, what is 0 - 1002030322?
-1002030322
In base 7, what is -532 + -45?
-610
In base 9, what is 4724 - -22?
4746
In base 15, what is 2db + -549?
-25d
In base 11, what is -36 + 4231?
41a6
In base 7, what is -25305535 - -4?
-25305531
In base 5, what is 1443 + -1304?
134
In base 13, what is -2172 + 201?
-1c71
In base 8, what is -1227123 - -4?
-1227117
In base 8, what is 2004 + 172?
2176
In base 12, what is -721b08 - 2?
-721b0a
In base 4, what is 100 + -10103311?
-10103211
In base 6, what is 13 + -140252?
-140235
In base 15, what is 21944 + 0?
21944
In base 2, what is -10001100000 + -110011?
-10010010011
In base 2, what is -11011011011101010110001 + 100?
-11011011011101010101101
In base 16, what is -125cd1 - -1?
-125cd0
In base 6, what is -5241 + 51?
-5150
In base 7, what is 10550 - 162?
10355
In base 9, what is -6 - -11652?
11645
In base 5, what is -20211143 - 0?
-20211143
In base 8, what is -606 + 621?
13
In base 10, what is 174 - 1052?
-878
In base 6, what is -2044 + -1442?
-3530
In base 7, what is -3 - 2414555?
-2414561
In base 16, what is 59 + 55a?
5b3
In base 14, what is -17a44 - 0?
-17a44
In base 7, what is -13 - -113622?
113606
In base 6, what is 11031413 - -3?
11031420
In base 4, what is -132 - -3332?
3200
In base 14, what is -1a - 1b85a?
-1b876
In base 16, what is 213 - 1c6?
4d
In base 6, what is -351145 - 14?
-351203
In base 10, what is -1762 + 67?
-1695
In base 2, what is -1001000110 - -1111100100?
110011110
In base 16, what is 1a + e52?
e6c
In base 2, what is -111111101000 + 10010?
-111111010110
In base 7, what is -4234 + -153?
-4420
In base 9, what is 578 - -82?
671
In base 13, what is -1352 - -126?
-1229
In base 3, what is 11 - -110221022?
110221110
In base 15, what is -2 - -11565?
11563
In base 9, what is 58 + -477?
-418
In base 9, what is 8 + 384?
403
In base 7, what is -106 - 40666?
-41105
In base 4, what is -12322203 - 2?
-12322211
In base 9, what is -332 - 4702?
-5134
In base 9, what is -1 - -1866?
1865
In base 2, what is 10 + -1001000110000011?
-1001000110000001
In base 14, what is -4 + -1d276?
-1d27a
In base 2, what is 1001010000 + -11101?
1000110011
In base 5, what is -12441 - -110121?
42130
In base 2, what is 101111101110100 + -100?
101111101110000
In base 11, what is -24432 - 3?
-24435
In base 4, what is 2 - 1033230?
-1033222
In base 2, what is 10111 - 10111000100011?
-10111000001100
In base 9, what is 7330 - 2?
7327
In base 10, what is -103869 - -14?
-103855
In base 6, what is -253 + -205400?
-210053
In base 14, what is -2 + 988c?
988a
In base 15, what is -992 + -43?
-9d5
In base 4, what is 20 + -211112?
-211032
In base 8, what is 0 - 1023517?
-1023517
In base 12, what is -a + -58?
-66
In base 9, what is -7707 + -42?
-7750
In base 2, what is 1 - -1110010000110010?
1110010000110011
In base 13, what is -304 - 21?
-325
In base 4, what is 1310113 - 1111?
1303002
In base 10, what is 25888 - 0?
25888
In base 11, what is 2 - -4a8657?
4a8659
In base 3, what is -21201220010 + -21?
-21201220101
In base 3, what is -11000 + -11001120?
-11012120
In base 16, what is 3e75 - 3?
3e72
In base 9, what is 15780 - -41?
15831
In base 6, what is 12014151 - -4?
12014155
In base 14, what is 238 - 1872?
-1638
In base 9, what is -550512 - 5?
-550517
In base 15, what is aa7 - -21?
ac8
In base 3, what is -100110210 + -1221?
-100112201
In base 3, what is 12 + -10201100010?
-10201022221
In base 12, what is -23a - -41?
-1b9
In base 5, what is 143010 - 23?
142432
In base 12, what is -5 + 903a?
9035
In base 5, what is 130243 + -1?
130242
In base 13, what is 3ac + 16?
3c5
In base 15, what is -4475de - 3?
-4475e2
In base 2, what is 111 + -11001000100?
-11000111101
In base 14, what is 10a8 - 0?
10a8
In base 12, what is -3 - -1276?
1273
In base 8, what is 123 + -736?
-613
In base 15, what is 83 - -da0?
e33
In base 15, what is -2 - 41d5?
-41d7
In base 10, what is 46233 - 2?
46231
In base 6, what is 121 - -11131?
11252
In base 14, what is -1a5a - 37?
-1a93
In base 12, what is -7 + -8b9aa?
-8b9b5
In base 6, what is 30145 - -4114?
34303
In base 15, what is -1a - 1a53?
-1a6d
In base 2, what is 1 - -1100111110100?
1100111110101
In base 2, what is -11110011011110001 - -11?
-11110011011101110
In base 5, what is 2 + 1143212?
1143214
In base 3, what is 10 + -1100121021?
-1100121011
In base 6, what is 10 - -11220344?
11220354
In base 10, what is 31 + -3821?
-3790
In base 11, what is 49 - -24037?
24085
In base 14, what is 4 - -35639?
3563d
In base 3, what is 122010 + -2221?
112012
In base 4, what is -21300 + 123?
-21111
In base 14, what is -13796 - -4?
-13792
In base 9, what is 403016 + -21?
402885
In base 14, what is -122 - 33?
-155
In base 5, what is 4 - 122404030?
-122404021
In base 2, what is 111010000110 - -111100111?
1000001101101
In base 16, what is -2a800 - 9?
-2a809
In base 13, what is -469c2 + -5?
-469c7
In base 3, what is 12 + 21211?
22000
In base 5, what is -141 + -1204?
-1400
In base 14, what is -b - 1da2?
-1dad
In base 8, what is 51 - 52366?
-52315
In base 12, what is -1 + 536b?
536a
In base 8, what is 702 + 11103?
12005
In base 3, what is 1012220002 + 10002?
1020000011
In base 2, what is -1000100010000 - -1001110?
-1000011000010
In base 2, what is 1011000011100100 - -11?
1011000011100111
In base 16, what is 126a84 - 0?
126a84
In base 11, what is 32a - -51?
380
In base 11, what is 32 - 9587?
-9555
In base 3, what is 10222 + 12110100?
12121022
In base 5, what is 233202 + 321?
234023
In base 4, what is 0 - -3313123?
3313123
In base 6, what is 2210 + -50?
2120
In base 16, what is -968 - -2a?
-93e
In base 7, what is 404 + -124?
250
In base 12, what is -52625 - -2?
-52623
In base 9, what is 342065 - 5?
342060
In base 11, what is 2 - -118a?
1191
In base 8, what is -172 + -1113?
-1305
In base 3, what is -10 - 20121202111?
-20121202121
In base 15, what is 37b7 + 9?
37c1
In base 13, what is 8aa + 82a?
1407
In base 11, what is 6722 + -15?
6708
In base 15, what is 95 + e68?
100d
In base 13, what is -3 + 1bbb?
1bb8
In base 8, what is 3 + 26417?
26422
In base 6, what is 54215 - -13?
54232
In base 12, what is 0 - -3381?
3381
In base 4, what is -1231 - 11?
-1302
In base 14, what is 34 + 1b8b?
1bc1
In base 4, what is -11 - 20113023?
-20113100
In base 3, what is 220021 + -1212?
211102
In base 8, what is 4657 + -45?
4612
In base 2, what 